{"id":1371,"date":"2025-11-05T18:15:57","date_gmt":"2025-11-05T18:15:57","guid":{"rendered":"https:\/\/fa.dtx.mx\/?page_id=1371"},"modified":"2025-11-06T17:40:16","modified_gmt":"2025-11-06T17:40:16","slug":"computo","status":"publish","type":"page","link":"https:\/\/fa.dtx.mx\/?page_id=1371","title":{"rendered":"C\u00d3MPUTO"},"content":{"rendered":"\t\t<div data-elementor-type=\"wp-page\" data-elementor-id=\"1371\" class=\"elementor elementor-1371\" data-elementor-post-type=\"page\">\n\t\t\t\t<div class=\"elementor-element elementor-element-80e4791 e-flex e-con-boxed e-con e-parent\" data-id=\"80e4791\" data-element_type=\"container\">\n\t\t\t\t\t<div class=\"e-con-inner\">\n\t\t\t\t<div class=\"elementor-element elementor-element-d12a037 elementor-widget-divider--view-line elementor-widget elementor-widget-divider\" data-id=\"d12a037\" data-element_type=\"widget\" data-widget_type=\"divider.default\">\n\t\t\t\t\t\t\t<div class=\"elementor-divider\">\n\t\t\t<span class=\"elementor-divider-separator\">\n\t\t\t\t\t\t<\/span>\n\t\t<\/div>\n\t\t\t\t\t\t<\/div>\n\t\t\t\t\t<\/div>\n\t\t\t\t<\/div>\n\t\t<div class=\"elementor-element elementor-element-bf97525 e-flex e-con-boxed e-con e-parent\" data-id=\"bf97525\" data-element_type=\"container\">\n\t\t\t\t\t<div class=\"e-con-inner\">\n\t\t\t\t<div class=\"elementor-element elementor-element-123e9a3 elementor-widget elementor-widget-heading\" data-id=\"123e9a3\" data-element_type=\"widget\" data-widget_type=\"heading.default\">\n\t\t\t\t\t<h2 class=\"elementor-heading-title elementor-size-default\">C\u00d3MPUTO<\/h2>\t\t\t\t<\/div>\n\t\t\t\t\t<\/div>\n\t\t\t\t<\/div>\n\t\t<div class=\"elementor-element elementor-element-17df15c e-flex e-con-boxed e-con e-parent\" data-id=\"17df15c\" data-element_type=\"container\">\n\t\t\t\t\t<div class=\"e-con-inner\">\n\t\t\t\t<div class=\"elementor-element elementor-element-84dbe5c elementor-widget-divider--view-line elementor-widget elementor-widget-divider\" data-id=\"84dbe5c\" data-element_type=\"widget\" data-widget_type=\"divider.default\">\n\t\t\t\t\t\t\t<div class=\"elementor-divider\">\n\t\t\t<span class=\"elementor-divider-separator\">\n\t\t\t\t\t\t<\/span>\n\t\t<\/div>\n\t\t\t\t\t\t<\/div>\n\t\t\t\t\t<\/div>\n\t\t\t\t<\/div>\n\t\t<div class=\"elementor-element elementor-element-489cd96 e-flex e-con-boxed e-con e-parent\" data-id=\"489cd96\" data-element_type=\"container\">\n\t\t\t\t\t<div class=\"e-con-inner\">\n\t\t<div class=\"elementor-element elementor-element-194e08c e-grid e-con-full e-con e-child\" data-id=\"194e08c\" data-element_type=\"container\">\n\t\t\t\t<div class=\"elementor-element elementor-element-b4802ac elementor-widget elementor-widget-text-editor\" data-id=\"b4802ac\" data-element_type=\"widget\" data-widget_type=\"text-editor.default\">\n\t\t\t\t\t\t\t\t\t<p>El Centro de C\u00f3mputo de la Facultad de Arquitectura (CECOFARQ), conocido como &#8220;Augusto H. \u00c1lvarez&#8221;, brinda cursos de c\u00f3mputo especializados en l\u00ednea con la disciplina acad\u00e9mica de la facultad. Estos cursos buscan complementar la formaci\u00f3n integral de los estudiantes, con el objetivo de elevar su nivel de competitividad en el campo laboral. Adem\u00e1s, el CECOFARQ proporciona al personal docente herramientas tecnol\u00f3gicas de \u00faltima generaci\u00f3n para impulsar la innovaci\u00f3n en el \u00e1mbito del c\u00f3mputo.<\/p>\t\t\t\t\t\t\t\t<\/div>\n\t\t\t\t<div class=\"elementor-element elementor-element-35a1b51 elementor-widget elementor-widget-text-editor\" data-id=\"35a1b51\" data-element_type=\"widget\" data-widget_type=\"text-editor.default\">\n\t\t\t\t\t\t\t\t\t<p class=\"text-[#615d59] tracking-[0.15em] mb-2\">COORDINACI\u00d3N DE INFORM\u00c1TICA Y SERVICIOS DE C\u00d3MPUTO<\/p><div class=\"pl-4\"><p dir=\"ltr\"><br \/><strong>Lic. Francisco Javier Casta\u00f1eda Rojas<\/strong><\/p><p dir=\"ltr\">55\u00a056 22 03 24<\/p><p dir=\"ltr\">computo.fa@unam.mx<\/p><\/div>\t\t\t\t\t\t\t\t<\/div>\n\t\t\t\t<\/div>\n\t\t\t\t\t<\/div>\n\t\t\t\t<\/div>\n\t\t<div class=\"elementor-element elementor-element-25698ec e-flex e-con-boxed e-con e-parent\" data-id=\"25698ec\" data-element_type=\"container\">\n\t\t\t\t\t<div class=\"e-con-inner\">\n\t\t\t\t<div class=\"elementor-element elementor-element-283cca2 elementor-widget-divider--view-line elementor-widget elementor-widget-divider\" data-id=\"283cca2\" data-element_type=\"widget\" data-widget_type=\"divider.default\">\n\t\t\t\t\t\t\t<div class=\"elementor-divider\">\n\t\t\t<span class=\"elementor-divider-separator\">\n\t\t\t\t\t\t<\/span>\n\t\t<\/div>\n\t\t\t\t\t\t<\/div>\n\t\t\t\t\t<\/div>\n\t\t\t\t<\/div>\n\t\t<div class=\"elementor-element elementor-element-5927db5 e-flex e-con-boxed e-con e-parent\" data-id=\"5927db5\" data-element_type=\"container\">\n\t\t\t\t\t<div class=\"e-con-inner\">\n\t\t\t\t<div class=\"elementor-element elementor-element-49a3e91 elementor-widget elementor-widget-text-editor\" data-id=\"49a3e91\" data-element_type=\"widget\" data-widget_type=\"text-editor.default\">\n\t\t\t\t\t\t\t\t\t<h5 class=\"text-[30px] leading-[34px] lg:text-[40px] lg:leading-[48px] font-medium text-[#615d59] mb-[32px]\">Atenci\u00f3n alumnado de la Facultad de Arquitectura de la UNAM<\/h5><div class=\"text text-xl space-y-4\"><p>Estimadas y estimados estudiantes matriculados en el Plan 99, Proceso de Transici\u00f3n y Plan de Estudios 2017. \u00a0Les informamos que, como parte de los requisitos acad\u00e9micos, deben seleccionar uno de los siguientes cursos b\u00e1sicos relacionados con Dise\u00f1o Asistido por Computadora 3D:<\/p><ol><li>3ds Max<\/li><li>Revit<\/li><li>AutoCAD<\/li><li>ArchiCAD<\/li><li>SketchUp.<\/li><\/ol><p>Es importante destacar que la primera inscripci\u00f3n en cualquiera de estas opciones ser\u00e1 gratuita.\u00a0Adem\u00e1s, queremos recordarles que el Taller de Computaci\u00f3n del Plan de Estudios 99 continuar\u00e1 siendo un requisito obligatorio para su graduaci\u00f3n.<\/p><p>Es necesario tener en cuenta que el requisito de egreso se aplica al Plan 99 y al Proceso de Transici\u00f3n, mientras que en el Plan de Estudios 2017, este requisito es fundamental para la permanencia.\u00a0Si tienen alguna pregunta o necesitan m\u00e1s informaci\u00f3n, no duden en ponerse en contacto con nosotros.<\/p><\/div>\t\t\t\t\t\t\t\t<\/div>\n\t\t\t\t\t<\/div>\n\t\t\t\t<\/div>\n\t\t<div class=\"elementor-element elementor-element-5c789e6 e-flex e-con-boxed e-con e-parent\" data-id=\"5c789e6\" data-element_type=\"container\">\n\t\t\t\t\t<div class=\"e-con-inner\">\n\t\t\t\t<div class=\"elementor-element elementor-element-98834e1 elementor-widget-divider--view-line elementor-widget elementor-widget-divider\" data-id=\"98834e1\" data-element_type=\"widget\" data-widget_type=\"divider.default\">\n\t\t\t\t\t\t\t<div class=\"elementor-divider\">\n\t\t\t<span class=\"elementor-divider-separator\">\n\t\t\t\t\t\t<\/span>\n\t\t<\/div>\n\t\t\t\t\t\t<\/div>\n\t\t\t\t\t<\/div>\n\t\t\t\t<\/div>\n\t\t<div class=\"elementor-element elementor-element-ad7bff1 e-flex e-con-boxed e-con e-parent\" data-id=\"ad7bff1\" data-element_type=\"container\">\n\t\t\t\t\t<div class=\"e-con-inner\">\n\t\t\t\t<div class=\"elementor-element elementor-element-4f0741d elementor-widget elementor-widget-text-editor\" data-id=\"4f0741d\" data-element_type=\"widget\" data-widget_type=\"text-editor.default\">\n\t\t\t\t\t\t\t\t\t<h5 class=\"text-[30px] leading-[34px] lg:text-[40px] lg:leading-[48px] font-medium text-[#615d59] mb-[32px]\">Cursos de c\u00f3mputo<\/h5><div class=\"text text-xl space-y-4\"><p>A continuaci\u00f3n, se detallan los aspectos importantes relacionados con los costos, los pagos y los requisitos de los cursos sabatinos:<\/p><ol><li><strong>Costos de Cursos Sabatinos y Ex\u00e1menes:<\/strong> Todos los cursos sabatinos y ex\u00e1menes est\u00e1n sujetos a un costo, independientemente de si es la primera vez que los tomas. El monto a pagar se encuentra especificado en la tabla que se encuentra en la secci\u00f3n &#8220;Horarios&#8221; m\u00e1s abajo. Adem\u00e1s, aquellos que deseen retomar un curso previamente cursado o inscribirse en uno diferente tambi\u00e9n deber\u00e1n abonar el correspondiente costo.<\/li><li><strong>Procedimiento de Pago:<\/strong> Si en tu comprobante de inscripci\u00f3n se indica un costo a pagar, deber\u00e1s realizar dicho pago en la caja de esta facultad. Luego, lleva una copia del comprobante de inscripci\u00f3n y del recibo de pago a la recepci\u00f3n del Centro de C\u00f3mputo &#8220;Augusto H. \u00c1lvarez&#8221;. Esto se puede hacer de lunes a viernes en un horario de 7:00 a 14:00 horas.<\/li><li><strong>Cancelaci\u00f3n de Cursos:<\/strong> Es importante mencionar que, en caso de no alcanzar un m\u00ednimo de 6 inscritos en alg\u00fan curso o grupo, dicho curso ser\u00e1 cancelado. Todos los alumnos registrados ser\u00e1n notificados de esta cancelaci\u00f3n a trav\u00e9s del n\u00famero telef\u00f3nico y\/o la cuenta de correo electr\u00f3nico proporcionada al momento de la inscripci\u00f3n. Si es posible y las condiciones lo permiten, se realizar\u00e1 el cambio de registro a un grupo paralelo previo aviso.<\/li><\/ol><p><strong>Nota importante para el alumnado\u00a0del Plan 2017:<\/strong> Para cumplir con el requisito de c\u00f3mputo de la carrera de arquitectura dentro de este ciclo escolar, es fundamental tomar el curso en alguno de los siguientes periodos: 144, 145 o 146. Recuerda que es necesario acreditar este requisito a m\u00e1s tardar en el 4o. semestre.<\/p><p>Estamos a tu disposici\u00f3n para cualquier consulta o aclaraci\u00f3n que necesites.<\/p><\/div>\t\t\t\t\t\t\t\t<\/div>\n\t\t\t\t\t<\/div>\n\t\t\t\t<\/div>\n\t\t<div class=\"elementor-element elementor-element-b95ef76 e-flex e-con-boxed e-con e-parent\" data-id=\"b95ef76\" data-element_type=\"container\">\n\t\t\t\t\t<div class=\"e-con-inner\">\n\t\t\t\t<div class=\"elementor-element elementor-element-3f275f3 elementor-widget-divider--view-line elementor-widget elementor-widget-divider\" data-id=\"3f275f3\" data-element_type=\"widget\" data-widget_type=\"divider.default\">\n\t\t\t\t\t\t\t<div class=\"elementor-divider\">\n\t\t\t<span class=\"elementor-divider-separator\">\n\t\t\t\t\t\t<\/span>\n\t\t<\/div>\n\t\t\t\t\t\t<\/div>\n\t\t\t\t<div class=\"elementor-element elementor-element-13ee6a0 elementor-widget elementor-widget-text-editor\" data-id=\"13ee6a0\" data-element_type=\"widget\" data-widget_type=\"text-editor.default\">\n\t\t\t\t\t\t\t\t\t<h5 class=\"text-[30px] leading-[34px] lg:text-[40px] lg:leading-[48px] font-medium text-[#615d59] mb-[32px]\">Horarios e inscripci\u00f3n a cursos<\/h5><div class=\"text text-xl space-y-4\"><p>Instrucciones para el proceso de inscripci\u00f3n:<\/p><ol><li>Durante los per\u00edodos especificados en la tabla anterior, el sistema de inscripciones y los nuevos horarios se habilitar\u00e1n autom\u00e1ticamente.<\/li><li>Para consultar los cursos y horarios disponibles en el per\u00edodo actual, acceda al enlace &#8220;Horarios&#8221; en la p\u00e1gina web.<\/li><li>Para preinscribirse en cursos de inform\u00e1tica, haga clic en el enlace &#8220;Inscripci\u00f3n a Cursos&#8221; ubicado arriba.<\/li><li>Elija el tipo de inscripci\u00f3n que corresponde a su situaci\u00f3n: a. Alumno FA-UNAM. b. Ex-alumno o Universitario de la UNAM. c. Particulares.<\/li><li>En la pantalla siguiente, verifique sus datos, como la direcci\u00f3n de correo y el n\u00famero de tel\u00e9fono, o proporci\u00f3nelos si es necesario. Esto es fundamental para recibir notificaciones sobre posibles cambios en el curso, como cancelaciones o cambios de profesor(a).<\/li><li>A continuaci\u00f3n, se mostrar\u00e1 una lista de horarios disponibles; seleccione el horario de su preferencia.<\/li><li>Imprima su comprobante de inscripci\u00f3n.<\/li><li>Si el comprobante de inscripci\u00f3n tiene un costo distinto de cero, realice el pago directamente en la caja de la Facultad.\u00a0<\/li><li>Despu\u00e9s de efectuar el pago, haga copias de los siguientes documentos: a. Recibo de pago. b. Credencial con fotograf\u00eda vigente.<\/li><li>Entregue las copias del recibo de pago, el comprobante de inscripci\u00f3n y la credencial con fotograf\u00eda en el Centro de C\u00f3mputo &#8220;Augusto H. \u00c1lvarez&#8221; a m\u00e1s tardar el siguiente d\u00eda h\u00e1bil a la inscripci\u00f3n.\u00a0<\/li><li>Si el costo del comprobante de inscripci\u00f3n es de cero ($0.00), dir\u00edjase directamente al Centro de C\u00f3mputo &#8220;Augusto H. \u00c1lvarez&#8221; para confirmar su inscripci\u00f3n durante el horario de 7:00 a 14:00 horas.<\/li><\/ol><\/div>\t\t\t\t\t\t\t\t<\/div>\n\t\t\t\t\t<\/div>\n\t\t\t\t<\/div>\n\t\t<div class=\"elementor-element elementor-element-aa87556 e-flex e-con-boxed e-con e-parent\" data-id=\"aa87556\" data-element_type=\"container\">\n\t\t\t\t\t<div class=\"e-con-inner\">\n\t\t\t\t<div class=\"elementor-element elementor-element-de8a0d8 elementor-widget-divider--view-line elementor-widget elementor-widget-divider\" data-id=\"de8a0d8\" data-element_type=\"widget\" data-widget_type=\"divider.default\">\n\t\t\t\t\t\t\t<div class=\"elementor-divider\">\n\t\t\t<span class=\"elementor-divider-separator\">\n\t\t\t\t\t\t<\/span>\n\t\t<\/div>\n\t\t\t\t\t\t<\/div>\n\t\t\t\t\t<\/div>\n\t\t\t\t<\/div>\n\t\t<div class=\"elementor-element elementor-element-d887320 e-flex e-con-boxed e-con e-parent\" data-id=\"d887320\" data-element_type=\"container\">\n\t\t\t\t\t<div class=\"e-con-inner\">\n\t\t\t\t<div class=\"elementor-element elementor-element-f8ca52b elementor-widget elementor-widget-text-editor\" data-id=\"f8ca52b\" data-element_type=\"widget\" data-widget_type=\"text-editor.default\">\n\t\t\t\t\t\t\t\t\t<h5 class=\"text-[30px] leading-[34px] lg:text-[40px] lg:leading-[48px] font-medium text-[#615d59] mb-[32px]\">Descargas de software gratuitas<\/h5><div class=\"text text-xl space-y-4\"><p>Para acceder a las descargas gratuitas, es necesario registrar su correo electr\u00f3nico como estudiante de la UNAM a trav\u00e9s de la p\u00e1gina web <a href=\"http:\/\/www.comunidad.unam.mx\/\" target=\"_blank\" rel=\"noreferrer noopener\">www.comunidad.unam.mx<\/a>.<\/p><p>Le invitamos a hacer clic en los enlaces a continuaci\u00f3n para obtener informaci\u00f3n detallada sobre el software que est\u00e1 disponible de forma gratuita y leg\u00edtima para estudiantes.<\/p><ol><li><a href=\"https:\/\/www.autodesk.com\/education\/home\" target=\"_blank\" rel=\"noreferrer noopener\">Herramientas de software sin costo para las y los estudiantes y las y los\u00a0profesores de Arquitectura, Dise\u00f1o e Ingenier\u00eda<\/a><\/li><li>Software de inter\u00e9s para la \u200bcomunidad UNAM.<a href=\"https:\/\/graphisoft.com\/es\/solutions\/archicad\" target=\"_blank\" rel=\"noreferrer noopener\"><br \/><\/a><\/li><li><a href=\"https:\/\/graphisoft.com\/es\/solutions\/archicad\" target=\"_blank\" rel=\"noreferrer noopener\">Como parte de la comunidad\u00a0dispones de forma gratuita del software ArchiCAD.\u00a0<\/a><\/li><\/ol><\/div>\t\t\t\t\t\t\t\t<\/div>\n\t\t\t\t\t<\/div>\n\t\t\t\t<\/div>\n\t\t<div class=\"elementor-element elementor-element-ca83c3e e-flex e-con-boxed e-con e-parent\" data-id=\"ca83c3e\" data-element_type=\"container\">\n\t\t\t\t\t<div class=\"e-con-inner\">\n\t\t\t\t<div class=\"elementor-element elementor-element-caf0c98 elementor-widget-divider--view-line elementor-widget elementor-widget-divider\" data-id=\"caf0c98\" data-element_type=\"widget\" data-widget_type=\"divider.default\">\n\t\t\t\t\t\t\t<div class=\"elementor-divider\">\n\t\t\t<span class=\"elementor-divider-separator\">\n\t\t\t\t\t\t<\/span>\n\t\t<\/div>\n\t\t\t\t\t\t<\/div>\n\t\t\t\t\t<\/div>\n\t\t\t\t<\/div>\n\t\t<div class=\"elementor-element elementor-element-6fce5c9 e-flex e-con-boxed e-con e-parent\" data-id=\"6fce5c9\" data-element_type=\"container\">\n\t\t\t\t\t<div class=\"e-con-inner\">\n\t\t\t\t<div class=\"elementor-element elementor-element-0912555 elementor-widget elementor-widget-text-editor\" data-id=\"0912555\" data-element_type=\"widget\" data-widget_type=\"text-editor.default\">\n\t\t\t\t\t\t\t\t\t<h5><span dir=\"auto\" style=\"vertical-align: inherit;\"><span dir=\"auto\" style=\"vertical-align: inherit;\">PC PUMA<\/span><\/span><\/h5>\t\t\t\t\t\t\t\t<\/div>\n\t\t\t\t\t<\/div>\n\t\t\t\t<\/div>\n\t\t\t\t<\/div>\n\t\t","protected":false},"excerpt":{"rendered":"<p>C\u00d3MPUTO El Centro de C\u00f3mputo de la Facultad de Arquitectura (CECOFARQ), conocido como &#8220;Augusto H. \u00c1lvarez&#8221;, brinda cursos de c\u00f3mputo especializados en l\u00ednea con la disciplina acad\u00e9mica de la facultad. Estos cursos buscan complementar la formaci\u00f3n integral de los estudiantes, con el objetivo de elevar su nivel de competitividad en el campo laboral. Adem\u00e1s, el [&hellip;]<\/p>\n","protected":false},"author":1,"featured_media":0,"parent":0,"menu_order":0,"comment_status":"closed","ping_status":"closed","template":"","meta":{"footnotes":""},"class_list":["post-1371","page","type-page","status-publish","hentry"],"_links":{"self":[{"href":"https:\/\/fa.dtx.mx\/index.php?rest_route=\/wp\/v2\/pages\/1371","targetHints":{"allow":["GET"]}}],"collection":[{"href":"https:\/\/fa.dtx.mx\/index.php?rest_route=\/wp\/v2\/pages"}],"about":[{"href":"https:\/\/fa.dtx.mx\/index.php?rest_route=\/wp\/v2\/types\/page"}],"author":[{"embeddable":true,"href":"https:\/\/fa.dtx.mx\/index.php?rest_route=\/wp\/v2\/users\/1"}],"replies":[{"embeddable":true,"href":"https:\/\/fa.dtx.mx\/index.php?rest_route=%2Fwp%2Fv2%2Fcomments&post=1371"}],"version-history":[{"count":5,"href":"https:\/\/fa.dtx.mx\/index.php?rest_route=\/wp\/v2\/pages\/1371\/revisions"}],"predecessor-version":[{"id":1890,"href":"https:\/\/fa.dtx.mx\/index.php?rest_route=\/wp\/v2\/pages\/1371\/revisions\/1890"}],"wp:attachment":[{"href":"https:\/\/fa.dtx.mx\/index.php?rest_route=%2Fwp%2Fv2%2Fmedia&parent=1371"}],"curies":[{"name":"wp","href":"https:\/\/api.w.org\/{rel}","templated":true}]}}